{"id":2627,"date":"2025-11-26T12:45:25","date_gmt":"2025-11-26T12:45:25","guid":{"rendered":"https:\/\/wandakrakow.com.pl\/?page_id=2627"},"modified":"2025-11-26T12:51:14","modified_gmt":"2025-11-26T12:51:14","slug":"zapisz-dziecko-2","status":"publish","type":"page","link":"https:\/\/wandakrakow.com.pl\/?page_id=2627","title":{"rendered":"Zapisz dziecko do klubu!"},"content":{"rendered":"\n<figure class=\"wp-block-image size-large\"><img fetchpriority=\"high\" decoding=\"async\" width=\"724\" height=\"1024\" src=\"https:\/\/wandakrakow.com.pl\/wp-content\/uploads\/2024\/07\/WANDA-75-LAT-1-724x1024.jpg\" alt=\"\" class=\"wp-image-1811\" srcset=\"https:\/\/wandakrakow.com.pl\/wp-content\/uploads\/2024\/07\/WANDA-75-LAT-1-724x1024.jpg 724w, https:\/\/wandakrakow.com.pl\/wp-content\/uploads\/2024\/07\/WANDA-75-LAT-1-212x300.jpg 212w, https:\/\/wandakrakow.com.pl\/wp-content\/uploads\/2024\/07\/WANDA-75-LAT-1-768x1086.jpg 768w, https:\/\/wandakrakow.com.pl\/wp-content\/uploads\/2024\/07\/WANDA-75-LAT-1-1086x1536.jpg 1086w, https:\/\/wandakrakow.com.pl\/wp-content\/uploads\/2024\/07\/WANDA-75-LAT-1-1448x2048.jpg 1448w, https:\/\/wandakrakow.com.pl\/wp-content\/uploads\/2024\/07\/WANDA-75-LAT-1-1000x1414.jpg 1000w, https:\/\/wandakrakow.com.pl\/wp-content\/uploads\/2024\/07\/WANDA-75-LAT-1-230x325.jpg 230w, https:\/\/wandakrakow.com.pl\/wp-content\/uploads\/2024\/07\/WANDA-75-LAT-1-350x495.jpg 350w, https:\/\/wandakrakow.com.pl\/wp-content\/uploads\/2024\/07\/WANDA-75-LAT-1-480x679.jpg 480w, https:\/\/wandakrakow.com.pl\/wp-content\/uploads\/2024\/07\/WANDA-75-LAT-1-scaled.jpg 1810w\" sizes=\"(max-width: 724px) 100vw, 724px\" \/><\/figure>\n\n\n\n<p>Aby zapisa\u0107 dziecko do klubu KS Wanda Krak\u00f3w nale\u017cy wys\u0142a\u0107 zg\u0142oszenie na adres:\u00a0<a href=\"mailto:kswanda.krak%C3%B3w@wp.pl\" target=\"_blank\" rel=\"noreferrer noopener\">kswanda.krak\u00f3w@wp.pl<\/a>\u00a0<\/p>\n\n\n\n<p><\/p>\n","protected":false},"excerpt":{"rendered":"<p>Aby zapisa\u0107 dziecko do klubu KS Wanda Krak\u00f3w nale\u017cy wys\u0142a\u0107 zg\u0142oszenie na adres:\u00a0kswanda.krak\u00f3w@wp.pl\u00a0<\/p>\n","protected":false},"author":2,"featured_media":0,"parent":0,"menu_order":0,"comment_status":"closed","ping_status":"closed","template":"","meta":{"footnotes":""},"class_list":["post-2627","page","type-page","status-publish","hentry"],"jetpack_sharing_enabled":true,"_links":{"self":[{"href":"https:\/\/wandakrakow.com.pl\/index.php?rest_route=\/wp\/v2\/pages\/2627","targetHints":{"allow":["GET"]}}],"collection":[{"href":"https:\/\/wandakrakow.com.pl\/index.php?rest_route=\/wp\/v2\/pages"}],"about":[{"href":"https:\/\/wandakrakow.com.pl\/index.php?rest_route=\/wp\/v2\/types\/page"}],"author":[{"embeddable":true,"href":"https:\/\/wandakrakow.com.pl\/index.php?rest_route=\/wp\/v2\/users\/2"}],"replies":[{"embeddable":true,"href":"https:\/\/wandakrakow.com.pl\/index.php?rest_route=%2Fwp%2Fv2%2Fcomments&post=2627"}],"version-history":[{"count":3,"href":"https:\/\/wandakrakow.com.pl\/index.php?rest_route=\/wp\/v2\/pages\/2627\/revisions"}],"predecessor-version":[{"id":2634,"href":"https:\/\/wandakrakow.com.pl\/index.php?rest_route=\/wp\/v2\/pages\/2627\/revisions\/2634"}],"wp:attachment":[{"href":"https:\/\/wandakrakow.com.pl\/index.php?rest_route=%2Fwp%2Fv2%2Fmedia&parent=2627"}],"curies":[{"name":"wp","href":"https:\/\/api.w.org\/{rel}","templated":true}]}}