{"id":951,"date":"2023-01-25T14:44:10","date_gmt":"2023-01-25T14:44:10","guid":{"rendered":"https:\/\/wandakrakow.com.pl\/?page_id=951"},"modified":"2023-01-25T16:16:37","modified_gmt":"2023-01-25T16:16:37","slug":"sala-konferencyjna","status":"publish","type":"page","link":"https:\/\/wandakrakow.com.pl\/?page_id=951","title":{"rendered":"Sala konferencyjna"},"content":{"rendered":"\n<figure class=\"wp-block-image size-large\"><img fetchpriority=\"high\" decoding=\"async\" width=\"1024\" height=\"768\" src=\"https:\/\/wandakrakow.com.pl\/wp-content\/uploads\/2023\/01\/sala-konferencyjna--1024x768.jpg\" alt=\"\" class=\"wp-image-952\" srcset=\"https:\/\/wandakrakow.com.pl\/wp-content\/uploads\/2023\/01\/sala-konferencyjna--1024x768.jpg 1024w, https:\/\/wandakrakow.com.pl\/wp-content\/uploads\/2023\/01\/sala-konferencyjna--300x225.jpg 300w, https:\/\/wandakrakow.com.pl\/wp-content\/uploads\/2023\/01\/sala-konferencyjna--768x576.jpg 768w, https:\/\/wandakrakow.com.pl\/wp-content\/uploads\/2023\/01\/sala-konferencyjna--1536x1152.jpg 1536w, https:\/\/wandakrakow.com.pl\/wp-content\/uploads\/2023\/01\/sala-konferencyjna--2048x1536.jpg 2048w, https:\/\/wandakrakow.com.pl\/wp-content\/uploads\/2023\/01\/sala-konferencyjna--1000x750.jpg 1000w, https:\/\/wandakrakow.com.pl\/wp-content\/uploads\/2023\/01\/sala-konferencyjna--230x173.jpg 230w, https:\/\/wandakrakow.com.pl\/wp-content\/uploads\/2023\/01\/sala-konferencyjna--350x263.jpg 350w, https:\/\/wandakrakow.com.pl\/wp-content\/uploads\/2023\/01\/sala-konferencyjna--480x360.jpg 480w\" sizes=\"(max-width: 1024px) 100vw, 1024px\" \/><\/figure>\n\n\n\n<p>UL. ODMOGILE 1B<\/p>\n\n\n\n<p>31-751 KRAK\u00d3W<\/p>\n\n\n\n<p>&#8211; mo\u017cliwo\u015b\u0107 organizacji spotka\u0144, szkole\u0144, konferencji<\/p>\n\n\n\n<p>&#8211; 40 miejsc siedz\u0105cych przy sto\u0142ach, 60 miejsc w uk\u0142adzie kinowym<\/p>\n\n\n\n<p>&#8211; wyposa\u017cenie: ekran multimedialny, nag\u0142o\u015bnienie<\/p>\n\n\n\n<p>&#8211; zaplecze gastronomiczne (sztu\u0107ce, zastawa sto\u0142owa \u2013 40 os\u00f3b)<\/p>\n\n\n\n<p>&#8211; dost\u0119p do WC<\/p>\n","protected":false},"excerpt":{"rendered":"<p>UL. ODMOGILE 1B 31-751 KRAK\u00d3W &#8211; mo\u017cliwo\u015b\u0107 organizacji spotka\u0144, szkole\u0144, konferencji &#8211; 40 miejsc siedz\u0105cych przy sto\u0142ach, 60 miejsc w uk\u0142adzie kinowym &#8211; wyposa\u017cenie: ekran [&hellip;]<\/p>\n","protected":false},"author":2,"featured_media":0,"parent":0,"menu_order":0,"comment_status":"closed","ping_status":"closed","template":"","meta":{"footnotes":""},"class_list":["post-951","page","type-page","status-publish","hentry"],"jetpack_sharing_enabled":true,"_links":{"self":[{"href":"https:\/\/wandakrakow.com.pl\/index.php?rest_route=\/wp\/v2\/pages\/951","targetHints":{"allow":["GET"]}}],"collection":[{"href":"https:\/\/wandakrakow.com.pl\/index.php?rest_route=\/wp\/v2\/pages"}],"about":[{"href":"https:\/\/wandakrakow.com.pl\/index.php?rest_route=\/wp\/v2\/types\/page"}],"author":[{"embeddable":true,"href":"https:\/\/wandakrakow.com.pl\/index.php?rest_route=\/wp\/v2\/users\/2"}],"replies":[{"embeddable":true,"href":"https:\/\/wandakrakow.com.pl\/index.php?rest_route=%2Fwp%2Fv2%2Fcomments&post=951"}],"version-history":[{"count":2,"href":"https:\/\/wandakrakow.com.pl\/index.php?rest_route=\/wp\/v2\/pages\/951\/revisions"}],"predecessor-version":[{"id":988,"href":"https:\/\/wandakrakow.com.pl\/index.php?rest_route=\/wp\/v2\/pages\/951\/revisions\/988"}],"wp:attachment":[{"href":"https:\/\/wandakrakow.com.pl\/index.php?rest_route=%2Fwp%2Fv2%2Fmedia&parent=951"}],"curies":[{"name":"wp","href":"https:\/\/api.w.org\/{rel}","templated":true}]}}